hat is the thousands digit of 5025606747?
6
What is the hundreds digit of 294550733?
7
What is the millions digit of 12484265?
2
What is the units digit of 2017427691?
1
What is the hundreds digit of 2312561174?
1
What is the hundred millions digit of 2040305888?
0
What is the hundreds digit of 68257059?
0
What is the millions digit of 741921074?
1
What is the hundred thousands digit of 21296756?
2
What is the ten millions digit of 206912417?
0
What is the ten thousands digit of 333588116?
8
What is the ten thousands digit of 73919917?
1
What is the units digit of 1526288505?
5
What is the hundred thousands digit of 26463938?
4
What is the tens digit of 715327979?
7
What is the hundred thousands digit of 766679300?
6
What is the hundred thousands digit of 376095411?
0
What is the hundreds digit of 212208769?
7
What is the hundred thousands digit of 27725982?
7
What is the ten thousands digit of 173547437?
4
What is the hundred thousands digit of 166056042?
0
What is the units digit of 881826705?
5
What is the hundred millions digit of 233909707?
2
What is the ten thousands digit of 70523343?
2
What is the thousands digit of 301353516?
3
What is the tens digit of 23697052?
5
What is the hundred thousands digit of 52814541?
8
What is the tens digit of 898872322?
2
What is the ten millions digit of 361115227?
6
What is the hundreds digit of 126889697?
6
What is the millions digit of 293173268?
3
What is the ten millions digit of 1517331573?
1
What is the ten millions digit of 64050128?
6
What is the units digit of 6814154?
4
What is the millions digit of 63682107?
3
What is the ten thousands digit of 393769736?
6
What is the ten millions digit of 539620722?
3
What is the tens digit of 22878269?
6
What is the hundred millions digit of 906448923?
9
What is the hundred thousands digit of 1118377907?
3
What is the billions digit of 1544740424?
1
What is the thousands digit of 88838262?
8
What is the thousands digit of 142781855?
1
What is the ten thousands digit of 44248214?
4
What is the units digit of 218702462?
2
What is the tens digit of 4325323911?
1
What is the hundred thousands digit of 285585536?
5
What is the millions digit of 475067782?
5
What is the hundred thousands digit of 872369330?
3
What is the hundreds digit of 832359614?
6
What is the ten millions digit of 626815001?
2
What is the hundred millions digit of 3303279548?
3
What is the ten millions digit of 3451707494?
5
What is the ten millions digit of 638353794?
3
What is the hundreds digit of 51961909?
9
What is the hundreds digit of 33155894?
8
What is the millions digit of 15723458?
5
What is the ten millions digit of 1111245214?
1
What is the tens digit of 1286490?
9
What is the ten thousands digit of 278381324?
8
What is the hundred millions digit of 1507400946?
5
What is the tens digit of 141428585?
8
What is the billions digit of 2196996211?
2
What is the thousands digit of 76599285?
9
What is the hundred thousands digit of 64618916?
6
What is the millions digit of 109644726?
9
What is the hundred thousands digit of 441391604?
3
What is the ten millions digit of 854600169?
5
What is the tens digit of 791824228?
2
What is the tens digit of 31701358?
5
What is the billions digit of 1763309020?
1
What is the thousands digit of 12939159?
9
What is the ten thousands digit of 54697159?
9
What is the hundred thousands digit of 3527648726?
6
What is the millions digit of 79600097?
9
What is the thousands digit of 558399353?
9
What is the hundred thousands digit of 629951336?
9
What is the thousands digit of 27795100?
5
What is the hundreds digit of 214375294?
2
What is the billions digit of 2066405565?
2
What is the millions digit of 3005486117?
5
What is the millions digit of 224529838?
4
What is the units digit of 9520888?
8
What is the tens digit of 82906701?
0
What is the hundreds digit of 183775299?
2
What is the ten millions digit of 31652570?
3
What is the millions digit of 677703234?
7
What is the hundreds digit of 14151601?
6
What is the units digit of 382102667?
7
What is the thousands digit of 1354391067?
1
What is the millions digit of 18051170?
8
What is the hundreds digit of 48322084?
0
What is the millions digit of 50307590?
0
What is the units digit of 30036603?
3
What is the thousands digit of 153772493?
2
What is the units digit of 107272040?
0
What is the tens digit of 46354303?
0
What is the billions digit of 8006500833?
8
What is the ten millions digit of 197131063?
9
What is the tens digit of 167990713?
1
What is the hundred thousands digit of 597419843?
4
What is the millions digit of 42241903?
2
What is the thousands digit of 134153119?
3
What is the hundreds digit of 1780082377?
3
What is the hundred thousands digit of 162323066?
3
What is the millions digit of 52026944?
2
What is the units digit of 20645086?
6
What is the tens digit of 22950553?
5
What is the ten millions digit of 691122356?
9
What is the hundred thousands digit of 762509166?
5
What is the units digit of 1716698321?
1
What is the hundred thousands digit of 855177998?
1
What is the millions digit of 16500401?
6
What is the units digit of 21177421?
1
What is the billions digit of 2555038588?
2
What is the millions digit of 48956920?
8
What is the hundred thousands digit of 1207834849?
8
What is the tens digit of 23312283?
8
What is the millions digit of 151286958?
1
What is the ten millions digit of 321457635?
2
What is the thousands digit of 416559630?
9
What is the thousands digit of 40564034?
4
What is the hundred thousands digit of 26075802?
0
What is the thousands digit of 1377421575?
1
What is the thousands digit of 25164557?
4
What is the units digit of 602313293?
3
What is the units digit of 82190469?
9
What is the millions digit of 102924850?
2
What is the hundreds digit of 4051663?
6
What is the thousands digit of 848535228?
5
What is the hundred millions digit of 104451302?
1
What is the hundred thousands digit of 389461328?
4
What is the ten millions digit of 438235682?
3
What is the hundred thousands digit of 39098001?
0
What is the ten millions digit of 12030257?
1
What is the tens digit of 676596771?
7
What is the hundred thousands digit of 3196625?
1
What is the millions digit of 1379663727?
9
What is the units digit of 5196808?
8
What is the tens digit of 2102210167?
6
What is the hundreds digit of 14166436?
4
What is the units digit of 1887295134?
4
What is the thousands digit of 20159673?
9
What is the millions digit of 20273857?
0
What is the units digit of 2907392245?
5
What is the thousands digit of 141904390?
4
What is the ten thousands digit of 2710706897?
0
What is the hundreds digit of 258634042?
0
What is the hundred millions digit of 1245640650?
2
What is the hundred millions digit of 712044425?
7
What is the thousands digit of 89403445?
3
What is the ten thousands digit of 109732286?
3
What is the millions digit of 466662783?
6
What is the ten millions digit of 504521945?
0
What is the thousands digit of 20613747?
3
What is the ten thousands digit of 497340684?
4
What is the hundreds digit of 3843783174?
1
What is the ten thousands digit of 33841956?
4
What is the hundred thousands digit of 728173416?
1
What is the thousands digit of 106115118?
5
What is the units digit of 3629868?
8
What is the ten thousands digit of 56123348?
2
What is the ten millions digit of 649779006?
4
What is the hundred millions digit of 161350353?
1
What is the hundred millions digit of 4243611793?
2
What is the ten millions digit of 133144730?
3
What is the ten millions digit of 77152625?
7
What is the tens digit of 434642802?
0
What is the millions digit of 3845383206?
5
What is the tens digit of 664218338?
3
What is the ten thousands digit of 270315594?
1
What is the ten thousands digit of 852481768?
8
What is the hundred millions digit of 365401877?
3
What is the ten thousands digit of 55477885?
7
What is the units digit of 177330080?
0
What is the thousands digit of 713723810?
3
What is the millions digit of 781593983?
1
What is the units digit of 3944729193?
3
What is the ten millions digit of 818887101?
1
What is the ten thousands digit of 45264252?
6
What is the units digit of 102852806?
6
What is the ten thousands digit of 625297668?
9
What is the ten thousands digit of 8602